{"id":359,"date":"2015-10-11T15:10:36","date_gmt":"2015-10-11T15:10:36","guid":{"rendered":"http:\/\/kbt-barbaric.com\/kbt\/?page_id=359"},"modified":"2015-10-12T07:46:22","modified_gmt":"2015-10-12T07:46:22","slug":"clanci-na-webu","status":"publish","type":"page","link":"https:\/\/kbt-barbaric.com\/kbt\/clanci-na-webu\/","title":{"rendered":"\u010clanci na webu"},"content":{"rendered":"<p><strong>Svi \u010dlanci na portalu<\/strong> <a href=\"http:\/\/www.zdravakrava.hr\/tag\/dragica-barbaric-4191\/\" target=\"_blank\" style=\"color:#000; border-bottom:1px solid #fdd51c\">\u201eZdrava krava\u201c<\/a><\/p>\n<p><a style=\"color:#000; border-bottom:1px solid #fdd51c\" href=\"http:\/\/www.zdravakrava.hr\/clanak\/4324\/razvest-cu-se-ali-kad-dijete-odraste\" target=\"_blank\">&#8220;Razvest \u0107u se ali kad dijete odraste&#8221;<\/a><\/p>\n<p><a style=\"color:#000; border-bottom:1px solid #fdd51c\" href=\"http:\/\/www.zdravakrava.hr\/clanak\/4174\/kako-sam-pobijedila-depresiju\" target=\"_blank\">&#8220;Kako sam pobijedila depresiju&#8221; <\/a><\/p>\n<p><a style=\"color:#000; border-bottom:1px solid #fdd51c\" href=\"http:\/\/www.zdravakrava.hr\/clanak\/4151\/san-kao-ovisnost-i-bijeg-od-stvarnosti\" target=\"_blank\">&#8220;San kao ovisnost i bijeg od stvarnosti&#8221; <\/a><br \/>\n<strong><br \/>\nHrvatsko psiholo\u0161ko dru\u0161tvo<\/strong><\/p>\n<p><a style=\"color:#000; border-bottom:1px solid #fdd51c\" href=\"http:\/\/www.psihologija.hr\/vijesti\/clanak\/zasto-se-tako-lose-osjecamo-bas-u-sijecnju-pise-dragica-barbaric-na-t-portalu.html\" target=\"_blank\">\u201eZa\u0161to se tako lo\u0161e osje\u0107amo ba\u0161 u sije\u010dnju\u201c <\/a><\/p>\n<p><strong>Slobodna Dalmacija<\/strong><\/p>\n<p><a style=\"color:#000; border-bottom:1px solid #fdd51c\" href=\"http:\/\/www.slobodnadalmacija.hr\/Prilozi\/LinijaX\/tabid\/243\/articleType\/ArticleView\/articleId\/211196\/Danas-na-depresiju-gledam-oima-zahvalnosti.aspx\" target=\"_blank\">\u201eDanas na depresiju gledam o\u010dima zahvalnosti\u201c <\/a><\/p>\n<p><a style=\"color:#000; border-bottom:1px solid #fdd51c\" href=\"http:\/\/www.zadarskilist.hr\/clanci\/21022013\/pola-sata-trcanja-i-smanjili-ste-depresiju\" target=\"_blank\">\u201ePola sata tr\u010danja i smanjili ste depresiju\u201c<\/a><\/p>\n<p><strong>Nova TV: \u201eProvjereno\u201c<\/strong><\/p>\n<p> <a style=\"color:#000; border-bottom:1px solid #fdd51c\" href=\"http:\/\/dnevnik.hr\/vijesti\/hrvatska\/zivot-s-napadajima-panike---273919.html\" target=\"_blank\">\u201eKako izgleda \u017eivot s napadajima panike\u201c<\/a><\/p>\n<p><a style=\"color:#000; border-bottom:1px solid #fdd51c\" href=\"http:\/\/provjereno.dnevnik.hr\/clanak\/provjereno\/jedna-od-najcescih-bolesti-novoga-doba-kako-se-nositi-s-njom---273493.html\" target=\"_blank\">\u201eKako se nositi s napadajima panike?\u201c <\/a><\/p>\n<p><strong>Dnevnik Nove TV<\/strong><\/p>\n<p><a style=\"color:#000; border-bottom:1px solid #fdd51c\" href=\"https:\/\/dnevnik.hr\/vijesti\/zdravlje\/savjeti-strucnjaka-protiv-stresa-pronadzite-male-stvari-koje-vas-vesele---307821.html\" target=\"_blank\">\u201eEvo kako se uspje\u0161no boriti protiv stresa\u201c<\/a><\/p>\n<p><strong>Portal virovitica.net<\/strong><\/p>\n<p><a style=\"color:#000; border-bottom:1px solid #fdd51c\" href=\"http:\/\/www.virovitica.net\/dragica-barbaric-psiholozi-su-potrebni-svakom-drustvu-koje-se-intenzivno-razvija\/20152\/\" target=\"_blank\">\u201ePsiholozi su potrebni svakom dru\u0161tvu koje se intenzivno razvija\u201c <\/a><\/p>\n","protected":false},"excerpt":{"rendered":"<p>Svi \u010dlanci na portalu \u201eZdrava krava\u201c &#8220;Razvest \u0107u se ali kad dijete odraste&#8221; &#8220;Kako sam pobijedila depresiju&#8221; &#8220;San kao ovisnost [&hellip;]<\/p>\n","protected":false},"author":1,"featured_media":0,"parent":0,"menu_order":0,"comment_status":"closed","ping_status":"closed","template":"","meta":[],"_links":{"self":[{"href":"https:\/\/kbt-barbaric.com\/kbt\/wp-json\/wp\/v2\/pages\/359"}],"collection":[{"href":"https:\/\/kbt-barbaric.com\/kbt\/wp-json\/wp\/v2\/pages"}],"about":[{"href":"https:\/\/kbt-barbaric.com\/kbt\/wp-json\/wp\/v2\/types\/page"}],"author":[{"embeddable":true,"href":"https:\/\/kbt-barbaric.com\/kbt\/wp-json\/wp\/v2\/users\/1"}],"replies":[{"embeddable":true,"href":"https:\/\/kbt-barbaric.com\/kbt\/wp-json\/wp\/v2\/comments?post=359"}],"version-history":[{"count":13,"href":"https:\/\/kbt-barbaric.com\/kbt\/wp-json\/wp\/v2\/pages\/359\/revisions"}],"predecessor-version":[{"id":372,"href":"https:\/\/kbt-barbaric.com\/kbt\/wp-json\/wp\/v2\/pages\/359\/revisions\/372"}],"wp:attachment":[{"href":"https:\/\/kbt-barbaric.com\/kbt\/wp-json\/wp\/v2\/media?parent=359"}],"curies":[{"name":"wp","href":"https:\/\/api.w.org\/{rel}","templated":true}]}}